{"version":"1.0","provider_name":"Dpress.ma\/fr","provider_url":"https:\/\/dpress.ma\/fr","author_name":"Dpress.ma","author_url":"https:\/\/dpress.ma\/fr\/author\/dpress-ma\/","title":"Rabat : Vernissage du 2e Salon solidaire des artistes - Dpress.ma\/fr","type":"rich","width":600,"height":338,"html":"<blockquote class=\"wp-embedded-content\" data-secret=\"BKTbXPv8no\"><a href=\"https:\/\/dpress.ma\/fr\/2026\/07\/03\/rabat-vernissage-du-2e-salon-solidaire-des-artistes\/\">Rabat : Vernissage du 2e Salon solidaire des artistes<\/a><\/blockquote><iframe sandbox=\"allow-scripts\" security=\"restricted\" src=\"https:\/\/dpress.ma\/fr\/2026\/07\/03\/rabat-vernissage-du-2e-salon-solidaire-des-artistes\/embed\/#?secret=BKTbXPv8no\" width=\"600\" height=\"338\" title=\"\u00ab\u00a0Rabat : Vernissage du 2e Salon solidaire des artistes\u00a0\u00bb &#8212; Dpress.ma\/fr\" data-secret=\"BKTbXPv8no\" frameborder=\"0\" marginwidth=\"0\" marginheight=\"0\" scrolling=\"no\" class=\"wp-embedded-content\"><\/iframe><script>\n\/*! This file is auto-generated *\/\n!function(d,l){\"use strict\";l.querySelector&&d.addEventListener&&\"undefined\"!=typeof URL&&(d.wp=d.wp||{},d.wp.receiveEmbedMessage||(d.wp.receiveEmbedMessage=function(e){var t=e.data;if((t||t.secret||t.message||t.value)&&!\/[^a-zA-Z0-9]\/.test(t.secret)){for(var s,r,n,a=l.querySelectorAll('iframe[data-secret=\"'+t.secret+'\"]'),o=l.querySelectorAll('blockquote[data-secret=\"'+t.secret+'\"]'),c=new RegExp(\"^https?:$\",\"i\"),i=0;i<o.length;i++)o[i].style.display=\"none\";for(i=0;i<a.length;i++)s=a[i],e.source===s.contentWindow&&(s.removeAttribute(\"style\"),\"height\"===t.message?(1e3<(r=parseInt(t.value,10))?r=1e3:~~r<200&&(r=200),s.height=r):\"link\"===t.message&&(r=new URL(s.getAttribute(\"src\")),n=new URL(t.value),c.test(n.protocol))&&n.host===r.host&&l.activeElement===s&&(d.top.location.href=t.value))}},d.addEventListener(\"message\",d.wp.receiveEmbedMessage,!1),l.addEventListener(\"DOMContentLoaded\",function(){for(var e,t,s=l.querySelectorAll(\"iframe.wp-embedded-content\"),r=0;r<s.length;r++)(t=(e=s[r]).getAttribute(\"data-secret\"))||(t=Math.random().toString(36).substring(2,12),e.src+=\"#?secret=\"+t,e.setAttribute(\"data-secret\",t)),e.contentWindow.postMessage({message:\"ready\",secret:t},\"*\")},!1)))}(window,document);\n\/\/# sourceURL=https:\/\/dpress.ma\/fr\/wp-includes\/js\/wp-embed.min.js\n<\/script>\n","thumbnail_url":"https:\/\/dpress.ma\/fr\/wp-content\/uploads\/sites\/2\/2026\/07\/35.jpg","thumbnail_width":2539,"thumbnail_height":1594,"description":"Dpress Le vernissage de la deuxi\u00e8me \u00e9dition du Salon solidaire des artistes a eu lieu, jeudi \u00e0 l\u2019Espace Expression \u2013 CDG Rabat, \u00e0 l&rsquo;initiative du Centre Mohammed VI de soutien \u00e0 la microfinance solidaire en partenariat avec la Fondation CDG, en pr\u00e9sence de partenaires institutionnels, d\u2019acteurs de l\u2019\u00e9cosyst\u00e8me de l\u2019\u00e9conomie sociale et solidaire, ainsi que &hellip;"}

Dpress Le vernissage de la deuxième édition du Salon solidaire des artistes a eu lieu, jeudi à l’Espace Expression – CDG Rabat, à l&rsquo;initiative du Centre Mohammed VI de soutien à la microfinance solidaire en partenariat avec la Fondation CDG, en présence de partenaires institutionnels, d’acteurs de l’écosystème de l’économie sociale et solidaire, ainsi que &hellip;
