{"version":"1.0","provider_name":"Dpress.ma\/fr","provider_url":"https:\/\/dpress.ma\/fr","author_name":"Dpress.ma","author_url":"https:\/\/dpress.ma\/fr\/author\/dpress-ma\/","title":"le Congr\u00e8s colombien r\u00e9it\u00e8re son soutien au Maroc - Dpress.ma\/fr","type":"rich","width":600,"height":338,"html":"<blockquote class=\"wp-embedded-content\" data-secret=\"mZocGC8OJg\"><a href=\"https:\/\/dpress.ma\/fr\/2025\/02\/14\/le-congres-colombien-reitere-son-soutien-au-maroc\/\">le Congr\u00e8s colombien r\u00e9it\u00e8re son soutien au Maroc<\/a><\/blockquote><iframe sandbox=\"allow-scripts\" security=\"restricted\" src=\"https:\/\/dpress.ma\/fr\/2025\/02\/14\/le-congres-colombien-reitere-son-soutien-au-maroc\/embed\/#?secret=mZocGC8OJg\" width=\"600\" height=\"338\" title=\"\u00ab\u00a0le Congr\u00e8s colombien r\u00e9it\u00e8re son soutien au Maroc\u00a0\u00bb &#8212; Dpress.ma\/fr\" data-secret=\"mZocGC8OJg\" frameborder=\"0\" marginwidth=\"0\" marginheight=\"0\" scrolling=\"no\" class=\"wp-embedded-content\"><\/iframe><script type=\"text\/javascript\">\n\/* <![CDATA[ *\/\n\/*! This file is auto-generated *\/\n!function(d,l){\"use strict\";l.querySelector&&d.addEventListener&&\"undefined\"!=typeof URL&&(d.wp=d.wp||{},d.wp.receiveEmbedMessage||(d.wp.receiveEmbedMessage=function(e){var t=e.data;if((t||t.secret||t.message||t.value)&&!\/[^a-zA-Z0-9]\/.test(t.secret)){for(var s,r,n,a=l.querySelectorAll('iframe[data-secret=\"'+t.secret+'\"]'),o=l.querySelectorAll('blockquote[data-secret=\"'+t.secret+'\"]'),c=new RegExp(\"^https?:$\",\"i\"),i=0;i<o.length;i++)o[i].style.display=\"none\";for(i=0;i<a.length;i++)s=a[i],e.source===s.contentWindow&&(s.removeAttribute(\"style\"),\"height\"===t.message?(1e3<(r=parseInt(t.value,10))?r=1e3:~~r<200&&(r=200),s.height=r):\"link\"===t.message&&(r=new URL(s.getAttribute(\"src\")),n=new URL(t.value),c.test(n.protocol))&&n.host===r.host&&l.activeElement===s&&(d.top.location.href=t.value))}},d.addEventListener(\"message\",d.wp.receiveEmbedMessage,!1),l.addEventListener(\"DOMContentLoaded\",function(){for(var e,t,s=l.querySelectorAll(\"iframe.wp-embedded-content\"),r=0;r<s.length;r++)(t=(e=s[r]).getAttribute(\"data-secret\"))||(t=Math.random().toString(36).substring(2,12),e.src+=\"#?secret=\"+t,e.setAttribute(\"data-secret\",t)),e.contentWindow.postMessage({message:\"ready\",secret:t},\"*\")},!1)))}(window,document);\n\/\/# sourceURL=https:\/\/dpress.ma\/fr\/wp-includes\/js\/wp-embed.min.js\n\/* ]]> *\/\n<\/script>\n","thumbnail_url":"https:\/\/dpress.ma\/fr\/wp-content\/uploads\/sites\/2\/2025\/02\/dprees-dim-28.png","thumbnail_width":780,"thumbnail_height":470,"description":"dpress &nbsp;Le pr\u00e9sident du Congr\u00e8s colombien, le s\u00e9nateur Efrain Cepeda, a r\u00e9it\u00e9r\u00e9 le soutien de cette Assembl\u00e9e l\u00e9gislative au Maroc dans l\u2019affaire du Sahara, insistant sur l\u2019importance de renforcer les relations commerciales avec le Royaume. Dans un communiqu\u00e9 publi\u00e9 par le Congr\u00e8s \u00e0 l\u2019issue d\u2019une rencontre de M. Cepeda avec l\u2019ambassadeur du Maroc en Colombie, &hellip;"}

le Congrès colombien réitère son soutien au Maroc - Dpress.ma/fr

<blockquote class="wp-embedded-content" data-secret="mZocGC8OJg"><a href="https://dpress.ma/fr/2025/02/14/le-congres-colombien-reitere-son-soutien-au-maroc/">le Congrès colombien réitère son soutien au Maroc</a></blockquote><iframe sandbox="allow-scripts" security="restricted" src="https://dpress.ma/fr/2025/02/14/le-congres-colombien-reitere-son-soutien-au-maroc/embed/#?secret=mZocGC8OJg" width="600" height="338" title="« le Congrès colombien réitère son soutien au Maroc » &#8212; Dpress.ma/fr" data-secret="mZocGC8OJg" frameborder="0" marginwidth="0" marginheight="0" scrolling="no" class="wp-embedded-content"></iframe><script type="text/javascript">
/* <![CDATA[ */
/*! This file is auto-generated */
!function(d,l){"use strict";l.querySelector&&d.addEventListener&&"undefined"!=typeof URL&&(d.wp=d.wp||{},d.wp.receiveEmbedMessage||(d.wp.receiveEmbedMessage=function(e){var t=e.data;if((t||t.secret||t.message||t.value)&&!/[^a-zA-Z0-9]/.test(t.secret)){for(var s,r,n,a=l.querySelectorAll('iframe[data-secret="'+t.secret+'"]'),o=l.querySelectorAll('blockquote[data-secret="'+t.secret+'"]'),c=new RegExp("^https?:$","i"),i=0;i<o.length;i++)o[i].style.display="none";for(i=0;i<a.length;i++)s=a[i],e.source===s.contentWindow&&(s.removeAttribute("style"),"height"===t.message?(1e3<(r=parseInt(t.value,10))?r=1e3:~~r<200&&(r=200),s.height=r):"link"===t.message&&(r=new URL(s.getAttribute("src")),n=new URL(t.value),c.test(n.protocol))&&n.host===r.host&&l.activeElement===s&&(d.top.location.href=t.value))}},d.addEventListener("message",d.wp.receiveEmbedMessage,!1),l.addEventListener("DOMContentLoaded",function(){for(var e,t,s=l.querySelectorAll("iframe.wp-embedded-content"),r=0;r<s.length;r++)(t=(e=s[r]).getAttribute("data-secret"))||(t=Math.random().toString(36).substring(2,12),e.src+="#?secret="+t,e.setAttribute("data-secret",t)),e.contentWindow.postMessage({message:"ready",secret:t},"*")},!1)))}(window,document);
//# sourceURL=https://dpress.ma/fr/wp-includes/js/wp-embed.min.js
/* ]]> */
</script>

dpress &nbsp;Le président du Congrès colombien, le sénateur Efrain Cepeda, a réitéré le soutien de cette Assemblée législative au Maroc dans l’affaire du Sahara, insistant sur l’importance de renforcer les relations commerciales avec le Royaume. Dans un communiqué publié par le Congrès à l’issue d’une rencontre de M. Cepeda avec l’ambassadeur du Maroc en Colombie, &hellip;
