{"version":"1.0","provider_name":"Dpress.ma\/fr","provider_url":"https:\/\/dpress.ma\/fr","author_name":"Dpress.ma","author_url":"https:\/\/dpress.ma\/fr\/author\/dpress-ma\/","title":"C\u00e9r\u00e9monie \u00e0 Casablanca en l\u2019honneur des champions marocains - Dpress.ma\/fr","type":"rich","width":600,"height":338,"html":"<blockquote class=\"wp-embedded-content\" data-secret=\"KDs6BmochH\"><a href=\"https:\/\/dpress.ma\/fr\/2025\/02\/10\/ceremonie-a-casablanca-en-lhonneur-des-champions-marocains\/\">C\u00e9r\u00e9monie \u00e0 Casablanca en l\u2019honneur des champions marocains<\/a><\/blockquote><iframe sandbox=\"allow-scripts\" security=\"restricted\" src=\"https:\/\/dpress.ma\/fr\/2025\/02\/10\/ceremonie-a-casablanca-en-lhonneur-des-champions-marocains\/embed\/#?secret=KDs6BmochH\" width=\"600\" height=\"338\" title=\"\u00ab\u00a0C\u00e9r\u00e9monie \u00e0 Casablanca en l\u2019honneur des champions marocains\u00a0\u00bb &#8212; Dpress.ma\/fr\" data-secret=\"KDs6BmochH\" frameborder=\"0\" marginwidth=\"0\" marginheight=\"0\" scrolling=\"no\" class=\"wp-embedded-content\"><\/iframe><script type=\"text\/javascript\">\n\/* <![CDATA[ *\/\n\/*! This file is auto-generated *\/\n!function(d,l){\"use strict\";l.querySelector&&d.addEventListener&&\"undefined\"!=typeof URL&&(d.wp=d.wp||{},d.wp.receiveEmbedMessage||(d.wp.receiveEmbedMessage=function(e){var t=e.data;if((t||t.secret||t.message||t.value)&&!\/[^a-zA-Z0-9]\/.test(t.secret)){for(var s,r,n,a=l.querySelectorAll('iframe[data-secret=\"'+t.secret+'\"]'),o=l.querySelectorAll('blockquote[data-secret=\"'+t.secret+'\"]'),c=new RegExp(\"^https?:$\",\"i\"),i=0;i<o.length;i++)o[i].style.display=\"none\";for(i=0;i<a.length;i++)s=a[i],e.source===s.contentWindow&&(s.removeAttribute(\"style\"),\"height\"===t.message?(1e3<(r=parseInt(t.value,10))?r=1e3:~~r<200&&(r=200),s.height=r):\"link\"===t.message&&(r=new URL(s.getAttribute(\"src\")),n=new URL(t.value),c.test(n.protocol))&&n.host===r.host&&l.activeElement===s&&(d.top.location.href=t.value))}},d.addEventListener(\"message\",d.wp.receiveEmbedMessage,!1),l.addEventListener(\"DOMContentLoaded\",function(){for(var e,t,s=l.querySelectorAll(\"iframe.wp-embedded-content\"),r=0;r<s.length;r++)(t=(e=s[r]).getAttribute(\"data-secret\"))||(t=Math.random().toString(36).substring(2,12),e.src+=\"#?secret=\"+t,e.setAttribute(\"data-secret\",t)),e.contentWindow.postMessage({message:\"ready\",secret:t},\"*\")},!1)))}(window,document);\n\/\/# sourceURL=https:\/\/dpress.ma\/fr\/wp-includes\/js\/wp-embed.min.js\n\/* ]]> *\/\n<\/script>\n","thumbnail_url":"https:\/\/dpress.ma\/fr\/wp-content\/uploads\/sites\/2\/2025\/02\/dprees-dim-14.png","thumbnail_width":780,"thumbnail_height":470,"description":"dpress &nbsp;La F\u00e9d\u00e9ration royale marocaine de sambo et tai jitsu (FRMSTJ) a organis\u00e9, dimanche \u00e0 Casablanca, une c\u00e9r\u00e9monie en l\u2019honneur des champions marocains qui se sont illustr\u00e9s lors des comp\u00e9titions continentales et internationales en 2024. Lors de cette r\u00e9ception, marqu\u00e9e par la pr\u00e9sence notamment du directeur des sports au minist\u00e8re de l\u2019Education nationale, du pr\u00e9scolaire &hellip;"}

Cérémonie à Casablanca en l’honneur des champions marocains - Dpress.ma/fr

<blockquote class="wp-embedded-content" data-secret="KDs6BmochH"><a href="https://dpress.ma/fr/2025/02/10/ceremonie-a-casablanca-en-lhonneur-des-champions-marocains/">Cérémonie à Casablanca en l’honneur des champions marocains</a></blockquote><iframe sandbox="allow-scripts" security="restricted" src="https://dpress.ma/fr/2025/02/10/ceremonie-a-casablanca-en-lhonneur-des-champions-marocains/embed/#?secret=KDs6BmochH" width="600" height="338" title="« Cérémonie à Casablanca en l’honneur des champions marocains » &#8212; Dpress.ma/fr" data-secret="KDs6BmochH" frameborder="0" marginwidth="0" marginheight="0" scrolling="no" class="wp-embedded-content"></iframe><script type="text/javascript">
/* <![CDATA[ */
/*! This file is auto-generated */
!function(d,l){"use strict";l.querySelector&&d.addEventListener&&"undefined"!=typeof URL&&(d.wp=d.wp||{},d.wp.receiveEmbedMessage||(d.wp.receiveEmbedMessage=function(e){var t=e.data;if((t||t.secret||t.message||t.value)&&!/[^a-zA-Z0-9]/.test(t.secret)){for(var s,r,n,a=l.querySelectorAll('iframe[data-secret="'+t.secret+'"]'),o=l.querySelectorAll('blockquote[data-secret="'+t.secret+'"]'),c=new RegExp("^https?:$","i"),i=0;i<o.length;i++)o[i].style.display="none";for(i=0;i<a.length;i++)s=a[i],e.source===s.contentWindow&&(s.removeAttribute("style"),"height"===t.message?(1e3<(r=parseInt(t.value,10))?r=1e3:~~r<200&&(r=200),s.height=r):"link"===t.message&&(r=new URL(s.getAttribute("src")),n=new URL(t.value),c.test(n.protocol))&&n.host===r.host&&l.activeElement===s&&(d.top.location.href=t.value))}},d.addEventListener("message",d.wp.receiveEmbedMessage,!1),l.addEventListener("DOMContentLoaded",function(){for(var e,t,s=l.querySelectorAll("iframe.wp-embedded-content"),r=0;r<s.length;r++)(t=(e=s[r]).getAttribute("data-secret"))||(t=Math.random().toString(36).substring(2,12),e.src+="#?secret="+t,e.setAttribute("data-secret",t)),e.contentWindow.postMessage({message:"ready",secret:t},"*")},!1)))}(window,document);
//# sourceURL=https://dpress.ma/fr/wp-includes/js/wp-embed.min.js
/* ]]> */
</script>

dpress &nbsp;La Fédération royale marocaine de sambo et tai jitsu (FRMSTJ) a organisé, dimanche à Casablanca, une cérémonie en l’honneur des champions marocains qui se sont illustrés lors des compétitions continentales et internationales en 2024. Lors de cette réception, marquée par la présence notamment du directeur des sports au ministère de l’Education nationale, du préscolaire &hellip;
